8 and 128?
128
Calculate the greatest common factor of 516 and 307278.
258
Calculate the highest common divisor of 969 and 14383.
19
What is the highest common divisor of 2507 and 5911?
23
Calculate the greatest common divisor of 65 and 27079.
13
What is the highest common divisor of 67 and 1278829?
67
Calculate the highest common factor of 164 and 1365300.
164
What is the highest common factor of 1627184 and 2080?
208
What is the highest common factor of 110 and 221870?
110
What is the highest common divisor of 29497 and 91?
13
What is the highest common factor of 369880 and 140?
140
Calculate the greatest common factor of 53163 and 189.
27
What is the greatest common factor of 11 and 2967921?
11
What is the greatest common factor of 60028 and 25826?
698
Calculate the highest common divisor of 21 and 105585.
3
Calculate the greatest common factor of 1240 and 21979.
31
Calculate the greatest common factor of 21 and 1213541.
7
What is the greatest common factor of 32566 and 95?
19
Calculate the greatest common factor of 135557 and 283.
283
What is the greatest common divisor of 5014 and 230?
46
Calculate the highest common divisor of 18158 and 70.
14
What is the greatest common factor of 805358 and 136?
34
Calculate the highest common factor of 3033 and 44147.
337
Calculate the highest common factor of 1856644 and 164.
164
Calculate the highest common factor of 4269443 and 71.
71
Calculate the greatest common divisor of 6552 and 180.
36
Calculate the greatest common divisor of 646585 and 445.
445
Calculate the greatest common divisor of 254459 and 553.
79
Calculate the highest common divisor of 1233 and 981879.
411
Calculate the highest common factor of 624 and 96252.
156
Calculate the highest common divisor of 369 and 95778.
9
What is the greatest common factor of 597876 and 12?
12
Calculate the greatest common factor of 203340 and 240.
60
Calculate the highest common divisor of 936 and 130.
26
Calculate the highest common divisor of 8 and 360920.
8
What is the greatest common divisor of 144 and 460422?
18
Calculate the greatest common divisor of 3710 and 268710.
530
What is the highest common factor of 638 and 23980?
22
Calculate the highest common factor of 3214 and 6.
2
Calculate the highest common factor of 19390 and 1510.
10
Calculate the greatest common factor of 24 and 196608.
24
What is the greatest common factor of 84 and 109434?
6
Calculate the highest common divisor of 260 and 19604.
52
Calculate the greatest common divisor of 100 and 298080.
20
What is the greatest common factor of 785 and 1211255?
785
What is the highest common factor of 183 and 124684?
61
Calculate the greatest common divisor of 783 and 55158.
87
What is the greatest common divisor of 24 and 2308?
4
What is the highest common factor of 52 and 43758?
26
What is the highest common factor of 201353 and 5149?
271
What is the highest common factor of 19293 and 327?
327
Calculate the highest common divisor of 45669 and 2769.
39
Calculate the greatest common divisor of 3776 and 4543.
59
Calculate the highest common factor of 208 and 293774.
26
Calculate the greatest common divisor of 578 and 7361.
17
Calculate the highest common factor of 17744 and 32.
16
What is the highest common factor of 78 and 5174403?
39
What is the greatest common factor of 19 and 4025036?
19
What is the greatest common divisor of 54530 and 329?
7
Calculate the greatest common divisor of 496 and 924.
4
What is the greatest common divisor of 4 and 67361?
1
What is the greatest common divisor of 4626 and 24030?
18
Calculate the greatest common divisor of 1442 and 32.
2
What is the highest common factor of 13549 and 272?
17
What is the greatest common factor of 284 and 2912278?
142
Calculate the greatest common factor of 133457 and 1268.
317
Calculate the greatest common factor of 17702 and 68303.
167
Calculate the greatest common divisor of 1050 and 15260.
70
What is the greatest common divisor of 118847 and 34?
17
Calculate the highest common divisor of 1152 and 1028592.
144
Calculate the greatest common factor of 31382 and 1548794.
1846
Calculate the greatest common factor of 220 and 47095.
5
What is the highest common factor of 2313999 and 1107?
369
What is the highest common divisor of 9918 and 175104?
342
Calculate the highest common factor of 389249 and 35.
7
Calculate the greatest common factor of 3420 and 2660.
380
Calculate the highest common factor of 63 and 55098.
9
What is the greatest common factor of 69404 and 20?
4
What is the highest common divisor of 852440 and 6464?
808
What is the highest common divisor of 16 and 67568?
16
What is the highest common divisor of 35095 and 10?
5
Calculate the greatest common divisor of 192 and 120.
24
What is the greatest common divisor of 6498 and 12654?
342
Calculate the highest common divisor of 1629 and 1267.
181
Calculate the greatest common divisor of 850 and 8755.
85
What is the greatest common factor of 96 and 68358?
6
What is the greatest common divisor of 3 and 967?
1
Calculate the greatest common divisor of 3870279 and 252.
63
Calculate the highest common divisor of 23 and 92437.
23
What is the greatest common divisor of 27136 and 6400?
256
Calculate the highest common factor of 292 and 78402.
146
What is the highest common divisor of 2299 and 3496?
19
What is the highest common divisor of 368 and 18561?
23
What is the greatest common divisor of 43200 and 30375?
675
What is the highest common divisor of 88750 and 500?
250
Calculate the greatest common divisor of 81 and 20799.
9
Calculate the highest common factor of 80113 and 319.
11
What is the highest common factor of 37973 and 12857?
299
Calculate the highest common factor of 112 and 31864.
56
What is the greatest common factor of 3055 and 97435?
65
Calculate the greatest common factor of 22 and 77594.
22
Calculate the greatest common factor of 3359965 and 595.
595
What is the greatest common divisor of 748 and 186626?
374
Calculate the highest common factor of 666792 and 108.
108
What is the highest common factor of 53 and 153859?
53
Calculate the greatest common divisor of 92016 and 6096.
48
What is the greatest common divisor of 190 and 19627?
19
What is the greatest common factor of 1084494 and 18?
6
Calculate the highest common divisor of 2004 and 316.
4
Calculate the greatest common factor of 2248 and 116.
4
What is the highest common divisor of 7260 and 3984?
12
Calculate the highest common divisor of 18621 and 1179.
9
What is the highest common divisor of 609094 and 74?
74
What is the greatest common divisor of 115482 and 570?
114
Calculate the greatest common factor of 100 and 292540.
20
Calculate the greatest common divisor of 27440 and 665.
35
Calculate the greatest common divisor of 9 and 2547.
9
What is the greatest common divisor of 234 and 33774?
78
Calculate the greatest common divisor of 144 and 11696.
16
What is the highest common factor of 861 and 13407?
123
Calculate the greatest common divisor of 1421 and 232638.
203
What is the highest common factor of 168 and 376712?
56
What is the greatest common factor of 950 and 47120?
190
Calculate the highest common factor of 77 and 96173.
77
What is the highest common divisor of 5790 and 80?
10
Calculate the highest common factor of 462 and 2070222.
462
Calculate the greatest common factor of 26 and 274521.
13
What is the greatest common divisor of 1126890 and 15157?
659
Calculate the highest common divisor of 12 and 66716.
4
What is the greatest common divisor of 3676 and 8740609?
919
Calculate the highest common divisor of 208891 and 9.
1
Calculate the greatest common factor of 369 and 334683.
369
Calculate the highest common factor of 182 and 10598.
14
Calculate the highest common divisor of 277622 and 2921.
127
Calculate the highest common factor of 294 and 147882.
294
What is the greatest common factor of 60261 and 12?
3
Calculate the greatest common factor of 760 and 72580.
380
Calculate the highest common factor of 1399117 and 17.
17
Calculate the greatest common divisor of 134918 and 414.
46
Calculate the greatest common factor of 6036920 and 5920.
1480
What is the greatest common factor of 75199 and 1623?
541
What is the greatest common divisor of 458715 and 795?
795
What is the greatest common factor of 18792